{"id":27,"date":"2024-06-13T13:18:20","date_gmt":"2024-06-13T13:18:20","guid":{"rendered":"https:\/\/mindenko.hu\/?page_id=27"},"modified":"2024-11-12T17:24:53","modified_gmt":"2024-11-12T17:24:53","slug":"kapcsolat","status":"publish","type":"page","link":"https:\/\/mindenko.hu\/?page_id=27","title":{"rendered":"Kapcsolat"},"content":{"rendered":"\n<p><\/p>\n\n\n\n<p><\/p>\n\n\n\n<p>Tudjuk, hogy a megfelel\u0151 eml\u00e9km\u0171 kiv\u00e1laszt\u00e1sa fontos \u00e9s megfontolt d\u00f6nt\u00e9st ig\u00e9nyel, amely h\u0171en t\u00fckr\u00f6zi az eml\u00e9kek m\u00e9lt\u00f3s\u00e1g\u00e1t \u00e9s az eml\u00e9kez\u00e9s szeretet\u00e9t.<\/p>\n\n\n\n<p>Minden szaktud\u00e1sommal, elk\u00f6telezetten, emp\u00e1ti\u00e1val \u00e9s gondoskod\u00e1ssal \u00e1llok rendelkez\u00e9s\u00e9re, hogy t\u00e1mogassam \u00d6nt a legmegfelel\u0151bb v\u00e1laszt\u00e1sban. Amennyiben k\u00e9rd\u00e9sei vannak, vagy szeretne r\u00e9szletes t\u00e1j\u00e9koztat\u00e1st kapni, k\u00e9rj\u00fck, l\u00e9pjen kapcsolatba velem bizalommal. \u00d6r\u00f6mmel ny\u00fajstok seg\u00edts\u00e9get, hogy m\u00e9lt\u00f3k\u00e9ppen meg\u0151rizhesse szerettei eml\u00e9k\u00e9t.<\/p>\n\n\n\n<p class=\"has-cyan-bluish-gray-color has-text-color has-link-color wp-elements-9033d7c54d25b59035959f9ac6182ffe\">G\u00e1l-Lehel Istv\u00e1n: +36203402889<\/p>\n\n\n\n<p class=\"has-cyan-bluish-gray-color has-text-color has-link-color wp-elements-cf895ee58aa487b463c9a213cffb6330\"><a href=\"mailto:mindenko2024@gmail.com\">gal.lehel.sirko@gmail.com<\/a><\/p>\n\n\n\n<p class=\"has-cyan-bluish-gray-color has-text-color has-link-color wp-elements-47d68333cb27386a379fe759122c82ea\"><a href=\"https:\/\/mindenko.hu\/?page_id=25\" data-type=\"page\" data-id=\"25\">\u00c1raj\u00e1nlat<\/a><\/p>\n\n\n\n<p><\/p>\n","protected":false},"excerpt":{"rendered":"<p>Tudjuk, hogy a megfelel\u0151 eml\u00e9km\u0171 kiv\u00e1laszt\u00e1sa fontos \u00e9s megfontolt d\u00f6nt\u00e9st ig\u00e9nyel, amely h\u0171en t\u00fckr\u00f6zi az eml\u00e9kek m\u00e9lt\u00f3s\u00e1g\u00e1t \u00e9s az eml\u00e9kez\u00e9s szeretet\u00e9t. Minden szaktud\u00e1sommal, elk\u00f6telezetten, emp\u00e1ti\u00e1val \u00e9s gondoskod\u00e1ssal \u00e1llok rendelkez\u00e9s\u00e9re, hogy t\u00e1mogassam \u00d6nt a legmegfelel\u0151bb v\u00e1laszt\u00e1sban. Amennyiben k\u00e9rd\u00e9sei vannak, vagy szeretne r\u00e9szletes t\u00e1j\u00e9koztat\u00e1st kapni, k\u00e9rj\u00fck, l\u00e9pjen kapcsolatba velem bizalommal. \u00d6r\u00f6mmel ny\u00fajstok&#8230;<\/p>\n","protected":false},"author":1,"featured_media":0,"parent":0,"menu_order":0,"comment_status":"closed","ping_status":"closed","template":"","meta":{"footnotes":""},"class_list":["post-27","page","type-page","status-publish","hentry"],"_links":{"self":[{"href":"https:\/\/mindenko.hu\/index.php?rest_route=\/wp\/v2\/pages\/27","targetHints":{"allow":["GET"]}}],"collection":[{"href":"https:\/\/mindenko.hu\/index.php?rest_route=\/wp\/v2\/pages"}],"about":[{"href":"https:\/\/mindenko.hu\/index.php?rest_route=\/wp\/v2\/types\/page"}],"author":[{"embeddable":true,"href":"https:\/\/mindenko.hu\/index.php?rest_route=\/wp\/v2\/users\/1"}],"replies":[{"embeddable":true,"href":"https:\/\/mindenko.hu\/index.php?rest_route=%2Fwp%2Fv2%2Fcomments&post=27"}],"version-history":[{"count":9,"href":"https:\/\/mindenko.hu\/index.php?rest_route=\/wp\/v2\/pages\/27\/revisions"}],"predecessor-version":[{"id":162,"href":"https:\/\/mindenko.hu\/index.php?rest_route=\/wp\/v2\/pages\/27\/revisions\/162"}],"wp:attachment":[{"href":"https:\/\/mindenko.hu\/index.php?rest_route=%2Fwp%2Fv2%2Fmedia&parent=27"}],"curies":[{"name":"wp","href":"https:\/\/api.w.org\/{rel}","templated":true}]}}